 Calculate the highest common factor of m and n.
3
Suppose -11 = 2*g - 3. Let b = 2 + g. Let o be 189/6*(0 - b). Calculate the greatest common factor of 7 and o.
7
Suppose -2*c + 6 = -c. Suppose 3*b = -c + 18. What is the greatest common factor of 10 and b?
2
Let a = 5 + -3. Suppose 0 = -v - a*v. Let y = 9 + v. Calculate the highest common factor of y and 63.
9
Suppose 13 + 20 = 3*m. Calculate the greatest common divisor of m and 99.
11
Suppose -55 - 25 = 2*w. Let a be w/(-12)*(-9)/(-2). Suppose -3*j - a = -5*z + 42, j = -5*z + 61. What is the highest common divisor of 12 and z?
12
Suppose 5*l - 102 = -12. Let t = -108 + 153. What is the greatest common factor of l and t?
9
Let i(s) = -s**2 - s. Let g be i(0). Let v = g - -184. What is the highest common factor of v and 23?
23
Let x(q) = 2*q**3 - 17*q**2 - 8*q + 12. Let o be x(9). What is the greatest common factor of o and 63?
21
Suppose 1 = -d + 3. Suppose -3*l + 1 = -d*u - 9, 0 = 2*u + 4. Suppose 0 = 2*c + 2*y - 82, y + 65 = l*c - 26. Calculate the highest common divisor of 4 and c.
4
Suppose 0 = -5*n - 5*x, -1 = -n + x + 9. What is the highest common factor of 35 and n?
5
Suppose 2*v + 3*k = 15 + 11, 0 = 2*v + 2*k - 26. Let j(q) = -q**2 - v*q**3 - q - q**2 + q**3. Let w be j(-2). What is the greatest common factor of w and 10?
10
Let k = 251 - 172. Suppose -209 = -5*w - k. Let b(f) = 3*f**2 - 3*f + 5. Let m be b(-4). What is the greatest common divisor of w and m?
13
Let z be ((-3)/(-6))/((-3)/(-576)). Suppose 0 = 4*o - 64 - z. Calculate the greatest common factor of o and 8.
8
Let m = 19 - 45. Let z = m - 1. Let b be (-2 - 8/(-6))*z. Calculate the greatest common divisor of b and 72.
18
Suppose 4*h - 21 = h - 3*y, 3*y - 25 = -5*h. Suppose -i = -h - 1. Suppose -3 = -2*a + 7, 0 = i*f - 3*a. Calculate the highest common factor of f and 5.
5
Suppose -4*l = -7*l + 9. Suppose a = l*a - 4. Suppose -141 = a*j - 5*j + 3*h, 6 = 2*h. What is the greatest common factor of 10 and j?
10
Suppose 0 = -2*l - 8 + 4. Let n be (-116)/4*-1 + l. What is the highest common divisor of n and 3?
3
Let s = -39 + 50. Let m be 2*(-1)/(-1) + -2. Suppose 5*g = 5*b - 290, 5*g = -m*b + 2*b - 125. What is the greatest common divisor of s and b?
11
Suppose 0 = 5*y - 2*t - 58, 0 = 4*y - 2*t - 22 - 26. What is the greatest common divisor of 25 and y?
5
Let t = -37 + 50. Calculate the highest common factor of 104 and t.
13
Suppose 5*u = 2*u + 54. Let y be (-108)/15*(-25)/2. Suppose r + y = 3*r. Calculate the highest common factor of u and r.
9
Let a = -1 + 1. Suppose a = f - 5*f + 8. What is the greatest common factor of 20 and f?
2
Suppose 4*h + 4 = 8*h, 4*h = 3*g - 62. What is the greatest common factor of 22 and g?
22
Let o be (-146)/4 + 12/24. Let g be (7 - 1)/(o/(-48)). What is the highest common divisor of 32 and g?
8
Let d = -78 + 134. Let u be 2/(-10) - 164/(-20). What is the highest common divisor of d and u?
8
Let q = -2 + 4. Let o be -51*(-2 + 0)/q. Let v(x) = x**3 - 14*x**2 - 13*x - 13. Let n be v(15). Calculate the highest common divisor of n and o.
17
Let c(n) = 20*n. Let m be c(1). Let f(a) = -a - 4. Let t be f(-9). What is the highest common factor of t and m?
5
Let h(v) = v**2 + 3*v + 1. Let r be h(-3). Let o = r + 4. What is the greatest common factor of 10 and o?
5
Let m = -30 - -52. Calculate the highest common divisor of 2 and m.
2
Let v(d) = 3*d - 2. Suppose 2*m + m = -2*l + 35, -l = -3*m + 5. Let b be v(l). Calculate the highest common divisor of 7 and b.
7
Suppose f + 5 = 5*r, -2*f = 2*f - 2*r + 2. Let y = 2 - f. Calculate the greatest common divisor of y and 3.
1
Let c(s) = -s**3 - s**2 + s + 4. Let k be c(0). Suppose -5*b + o = -672, k*b - 594 = 2*o - 60. Calculate the greatest common factor of b and 15.
15
Let g = 18 + 37. Calculate the highest common divisor of 33 and g.
11
Suppose 33*w - 36*w + 102 = 0. What is the highest common divisor of 85 and w?
17
Suppose 4*g + 78 = 2*s + 560, 2*g = -2*s + 238. What is the greatest common divisor of 30 and g?
30
Suppose 2*j - 126 = -5*x, -j = -x + 3*j + 12. Calculate the greatest common divisor of x and 6.
6
Suppose -2*z = 3*l + 4, 2 = -0*z - z. Suppose 0 = -q - l*q + 32. Suppose -3*p = -2*i + 6 - 0, -p = -4*i + q. What is the greatest common divisor of i and 45?
9
Let j(l) = -1. Let a(f) = 3*f + 6. Let w(u) = -a(u) - 6*j(u). Let n be w(-1). Calculate the greatest common divisor of 3 and n.
3
Suppose 0 = -99*a + 95*a + 144. Calculate the highest common divisor of a and 9.
9
Suppose 0 = 4*r - 83 - 205. Calculate the highest common divisor of r and 180.
36
Let r(b) = 2*b**3 - 3*b**2 + 2*b - 2. Let a be r(2). What is the greatest common factor of 30 and a?
6
Suppose 18 + 234 = 7*h. Calculate the greatest common divisor of h and 360.
36
Suppose -f + 180 = 4*f. Let w(g) = -g + 4. Let c be w(5). Let x be ((0 - 2) + -2)*c. Calculate the greatest common divisor of x and f.
4
Suppose -k - 9 = -4*a, -5*a - 2 + 9 = 3*k. Suppose a*j - 36 = -r, 2*r - r + 3*j = 33. What is the greatest common divisor of r and 28?
14
Suppose -10*w = -155 + 55. Calculate the greatest common factor of 5 and w.
5
Let l = 13 + 1. What is the greatest common factor of 56 and l?
14
Let s = 8 - 4. Suppose a + 6 = s*a. Suppose -5*n - 61 = -2*r, -2*r = 5*n - 5 - 6. Calculate the highest common divisor of a and r.
2
Let k(h) = -h**2 - 3*h. Let p be k(-3). Suppose p = -o - 5, -11 = -u - o - 1. Let i be 2/2 + (-268)/(-2). Calculate the greatest common factor of u and i.
15
Suppose -4*k - 2 = c, -6 + 2 = k. Let r be 108/14 - (-4)/c. What is the highest common factor of r and 1?
1
Suppose -2*b = -2*t - 16, b + 3 - 5 = -5*t. What is the highest common factor of b and 35?
7
Suppose 0*j + 5*j - 1000 = 0. Calculate the highest common factor of 25 and j.
25
Suppose -o = o - 30. Let j be (-21)/(-4)*40/o. Suppose -5*b - 2*n + 16 = 0, 2*n = 3*b + n - j. Calculate the highest common factor of b and 44.
4
Let p(k) = -2*k**2 + k - 2. Let l be p(2). Let t = l - -168. Suppose -t = -h - 3*h. What is the highest common factor of 10 and h?
10
Let p(o) = -111*o**3 - o**2 + 2*o - 1. Let a be p(1). Let x = 158 + a. Let q = x + -20. Calculate the highest common factor of 9 and q.
9
Let z be 5*(-3 - (-36)/15) - -24. What is the greatest common divisor of z and 3?
3
Suppose 2*z = -3*r + 118, 35*r - 37*r - z = -77. Let h = -383 + 599. What is the greatest common factor of r and h?
36
Let v(b) = b**3 + 6*b**2 + 5*b - 1. Let j be v(-4). What is the highest common divisor of 88 and j?
11
Suppose z + 6 = 17. Suppose 2 + 6 = 4*t. Let c be (-128)/(-6) + t/3. What is the highest common factor of z and c?
11
Let w = 12 - 7. Suppose -73 - 7 = -4*k. What is the highest common divisor of w and k?
5
Suppose 4*q - 100 = -q - x, 3*x + 57 = 2*q. What is the greatest common divisor of 7 and q?
7
Let y(h) = 2*h**3 - 4*h**2 - 2. Let j be y(3). Let f = -27 - 8. Let o = f + 67. What is the highest common divisor of o and j?
16
Suppose 0 = v - 2*v + 161. Let u = -62 + v. Calculate the highest common divisor of u and 9.
9
Let b be (-5 + 1)*3*8/(-6). What is the highest common divisor of 16 and b?
16
Let r(t) = -2*t**2 + 17*t - 10. Let q be r(7). Calculate the greatest common divisor of q and 121.
11
Suppose -3*k + 11 = 4*s, -4*k + 0*s + 14 = 5*s. Suppose -3*u = x - k, 0 = -5*x + u - 0*u + 37. What is the greatest common factor of x and 49?
7
Let t be 3 + -3 + (-1 - -3). Let h(l) = 0*l + 5 - 10*l**3 + 2*l + 3*l**2 - t. Let o be h(-2). Calculate the greatest common factor of 13 and o.
13
Suppose 81 = -5*a - 144. Let y = 67 - a. Calculate the greatest common divisor of 16 and y.
16
Let s(z) = z**2 - 13*z + 15. Let l(y) = y**2 - 14*y + 16. Let m(j) = 3*l(j) - 4*s(j). Let v be m(6). Calculate the highest common divisor of 8 and v.
4
Let m(p) = -2*p - 2. Let z be m(-6). Let i be (-4)/z - (-34)/10. Let w = -50 + 71. What is the greatest common factor of i and w?
3
Suppose 0 + 5 = -5*u. Let a be (2 - (-3)/u) + -42. Let i = a + 67. What is the highest common divisor of 12 and i?
12
Let y(m) = -m + 2. Let w = -1 + 3. Let b be 0 - 4/2 - w. Let t be y(b). What is the highest common factor of 66 and t?
6
Suppose -6*k + k + 50 = 0. What is the highest common factor of 90 and k?
10
Suppose 0 = -p + 21 + 344. What is the greatest common divisor of p and 146?